*s. Let r(n) be the third derivative of -n**6/120 + n**5/10 - 14*n**2 - 86. What is r(s)?
0
Let p(h) = -h**3 + 4*h**2 + 8*h + 3. Let f be p(6). Let n = f - -23. Let k(i) = -i**3 + 3*i**2 + 3*i - 3. Give k(n).
7
Let a(c) = 2*c**2 + 14*c + 11. Let v(d) = d**2 + 27*d + 156. Let m be v(-18). Calculate a(m).
-1
Let p(c) be the first derivative of -c**4/4 + 10*c**3/3 - 8*c**2 - 2*c - 221. What is p(8)?
-2
Let w = 17 + -10. Let j = w - 3. Suppose -4*b + 20 = -j*n, -2*n + b = -4*n - 1. Let d(s) = -s**2 - 2*s + 2. Calculate d(n).
2
Let u(f) be the first derivative of -9 + 1/3*f**3 - 9/2*f**2 + 2*f. Determine u(7).
-12
Let b(m) = -m**2 - 8*m + 2. Suppose 2*p + 28 = -4*w, 3*p - p = 3*w - 7. Determine b(p).
2
Let w(l) be the second derivative of -l**3/6 - 5*l**2 + 45*l + 2. Determine w(-10).
0
Suppose 44 = 1285*d - 1289*d. Let g(k) = 4*k - 16. Determine g(d).
-60
Let k be (5 + -3)*(43 - 41). Let h(c) = -c**2 - 2*c + 27. Give h(k).
3
Let q(a) = -a**3 + 3*a**2 + 2*a + 3. Suppose -18 = -5*u + 47. Suppose u = -4*f - 15. Let y = -3 - f. Determine q(y).
-5
Suppose 3*j - 3 = 3*w, 6 = -4*j - 4*w - 14. Let m be j - 4 - (-1 - 2). Let p(l) = -1. Let b(z) = -z - 7. Let u(x) = b(x) - 3*p(x). Give u(m).
-1
Let j be -3*(-4)/12 - -1. Let y(v) = -5*v**2 + 5*v - 7 + 6*v**j + 0 + 2. Let s be ((-2)/5)/(2/30). Give y(s).
1
Let s be 2*(-2)/4*-1. Let n(v) = 25*v + 3. Let k(h) = 16*h + 1. Let y(t) = -2*k(t) + n(t). What is y(s)?
-6
Let l(t) be the first derivative of t**4/12 + t**3/2 + t**2/2 - 10*t - 13. Let z(o) be the first derivative of l(o). What is z(-5)?
11
Let g(d) = -2*d - 47. Let x(m) = -9. Let u(l) = g(l) - 6*x(l). What is u(8)?
-9
Let q(b) = 12*b**3 - b**2 - 8*b - 3. Let p(u) = -5*u**3 + 4*u + 1. Let i(t) = -7*p(t) - 3*q(t). Determine i(2).
-2
Let q(m) = m**3 - 11*m**2 + 11*m. Suppose 40 = 4*n - 3*d, 3*d - 40 = -4*n + 5*d. What is q(n)?
10
Let k(h) = -3*h + 19 - 9 - 5 - 9 + 2*h. Let j = -7 - -3. Let z be (6/j)/((-3)/(-4)). Determine k(z).
-2
Let t(u) = -4*u - 9. Let b(f) = 3*f - 1. Let w(v) = -b(v) - t(v). Calculate w(-10).
0
Let q(i) be the second derivative of i**4/12 + 8*i**3/3 - 12*i**2 - 55*i + 1. Determine q(-17).
-7
Let j = 18 + -11. Let c(k) = -j - 1 - 1 - 7*k + k**2. What is c(8)?
-1
Let v(f) = 6*f**2 + 5*f - 7. Let s(g) = -5*g**2 - 4*g + 6. Let l(m) = -5*s(m) - 4*v(m). Suppose 4*q + 129 = 121. Calculate l(q).
2
Let m be (-4)/(-10)*(67 - 7). Let a be (-16)/(-28) - m/(-7). Let u(s) = 49*s - 95*s + 45*s + a. Calculate u(8).
-4
Let b(q) = -q - 2. Let a be b(3). Let j(y) be the third derivative of y**5/60 + y**4/6 + y**3/3 - 3*y**2 + 23*y. Determine j(a).
7
Let o(j) = j**2 + j + 1. Let l be o(-2). Suppose -l*u - 12 = -6*u. Let d(h) = -h + 7. Let p be d(u). Let a(k) = k**2 - 6*k - 1. What is a(p)?
-10
Let s(z) = -z**3 + 3*z**2 + 2*z + 4. Let d be s(3). Let f be 18/9*d/4. Suppose -k + 3 = -n - 7, k - 30 = f*n. Let y(b) = -b - 3. Calculate y(n).
2
Let y(t) = -5*t**2 + 2*t - 1. Let f(s) = -18*s**2 - 28*s - 13. Let m(u) = f(u) - 4*y(u). What is m(18)?
-9
Let p be (-4)/(-18) + (-58)/261. Let n(q) = -q**2 + q + 12. Give n(p).
12
Let m(d) = -3*d - 12. Let z be m(-6). Let h(c) = z*c - 1 + 2*c - 11*c. Give h(2).
-7
Let x(q) be the second derivative of q**5/20 + q**4/2 + 2*q**3/3 - 2*q**2 - 246*q. Determine x(-5).
1
Let s(a) be the second derivative of 5*a**4/6 - a**3/6 + 17*a. Let u(m) = -30*m**2 + 3*m. Let h(i) = -7*s(i) - 2*u(i). What is h(1)?
-9
Let y(l) = -21*l**3 + l**2 - l + 1. Let q be y(1). Let n = 17 + q. Let j(r) = -r**3 - 3*r**2. Determine j(n).
0
Let y(k) = 0*k**3 + 2376*k - 4 + 4 - 2373*k - 3*k**2 + 3 - k**3. Calculate y(-3).
-6
Let y = 117 + -170. Let t = y - -55. Let p(w) = 10*w. Determine p(t).
20
Let u = 0 + -1. Let z(a) be the second derivative of a**7/630 - 4*a**4/3 - 15*a. Let h(p) be the third derivative of z(p). Determine h(u).
4
Let p = -121 + 123. Let a(z) = 3*z**p - 1853*z**3 + 1 + 1 + 1855*z**3 - 4 + 2*z. Calculate a(-2).
-10
Let n(v) = 3*v + 7. Suppose 6 - 21 = -3*o. Let q(p) = -2*p - 4. Let d(j) = -3*j. Let m be d(-1). Let u(f) = m*n(f) + o*q(f). Determine u(4).
-3
Let k(v) = -7*v**3 + 180*v**2 - 1 + 3 - 180*v**2 - 2*v. Give k(1).
-7
Let f(x) = x**3 + 6*x**2 + 7*x. Let z(y) = -2*y - 2. Let c be z(-3). Let t = -6 + c. Let o(s) = 2*s - 1. Let w be o(t). Give f(w).
-10
Let m(t) = -15 - t**2 - 1 - 11*t + 21*t. Let f be m(7). Let x(d) = -2*d + 1. Give x(f).
-9
Suppose -3*k - c - 24 = -71, c = k - 9. Suppose 0 = -5*f + 25, -f = 2*s + f - k. Let m(g) = 2*g**s + 0 - 1 - 10*g**3 + 22*g**3. Calculate m(1).
13
Let v(d) be the third derivative of -d**6/120 - d**4/12 + d**3/6 - 124*d**2. Determine v(1).
-2
Suppose -2*u + 34 = -22. Suppose -s - 26 = -4*g, -g + s - u = -6*g. Let o(n) = -3 - n + g - 3*n. What is o(2)?
-5
Let h(a) = -a**2 - 5*a - 3. Let q = -16 + 12. Let c be 9/36 + 129/(-4). Let l be (c/24)/(q/(-6)). Calculate h(l).
3
Let b be ((273/6)/(-7))/((-1)/8). Let n be (-4)/6*(-78)/b. Let w(x) = -x**2. Let f(g) = -12*g**3 + 7*g**2 - 1. Let q(d) = -f(d) - 5*w(d). Calculate q(n).
11
Let m be ((-32)/(-6))/(26/(-39)). Let c(l) = -l**3 - 7*l**2 + 4*l - 9. Calculate c(m).
23
Suppose -3*j + 2*k + 5 = 31, 2*j = 5*k - 32. Let c be -3*(0 - 4/j). Let g(t) = -2*t**3 - t - 2. What is g(c)?
16
Let u(c) = -6*c - 1. Suppose 0 = -2*f + f - 5. Let o(l) = 5*l + 1. Let t(g) = f*o(g) - 4*u(g). Determine t(0).
-1
Let v(y) = 4*y**2 + 12*y - 14. Let p(m) = 3*m**2 + 13*m - 12. Let x(k) = 5*p(k) - 4*v(k). Calculate x(17).
-4
Let k(o) = o**2 - 21*o - 5. Let w(t) = 5*t + 1. Let n(d) = 2*k(d) + 9*w(d). Let z(y) = 15*y**3 + 3*y**2 - 2*y. Let h be z(1). Let l = 13 - h. Give n(l).
8
Let c(t) = 1. Let h(y) = -y + 3. Let n(z) = 4*c(z) - h(z). Suppose 2*o - 3*l - 7 = 0, 5*l + 20 = l. Give n(o).
-3
Let h(z) = -12*z - 11*z + 37*z - 15*z + 23. Give h(22).
1
Let u be 31/(-7) - (-6)/14. Let r(c) = 3*c**2 - 7*c - 5. Let z(d) = d**2 - d - 1. Let v(k) = -r(k) + 4*z(k). Calculate v(u).
5
Suppose -b = 4*a + 3*b, -2*b = -3*a + 10. Let z(k) = -17*k**a + 31*k**2 + k - 4 - 15*k**2 + 12. Determine z(0).
8
Let u(i) be the third derivative of 1/30*i**5 + 0 + 0*i + 1/6*i**3 - 1/24*i**4 + 4*i**2. Suppose 0 = 8*z - 16. Calculate u(z).
7
Let y(g) be the first derivative of -g + 13/2*g**2 - 17. What is y(-1)?
-14
Let b(n) = -n - 4. Let x be -1 + 2/((-2)/(-3)). Suppose -16 = -g - 4*f, -x*f + 5 = 3. Suppose -z + g = -5*o, -o = -4*z - z - 12. Give b(o).
-1
Let s(a) = 0 + 0 - 2 + 3*a - 4*a. Suppose n + 4*n = 0. Suppose n = m + 2*m + 9. What is s(m)?
1
Let o(b) = -41*b - 3. Let s be o(-1). Suppose 4*t + 14 - s = 0. Let y(a) = a**2 - 7*a + 4. Give y(t).
-2
Let i(q) be the first derivative of -q**2 - 9*q + 59. What is i(-8)?
7
Let u(w) = w**2 - 7*w - 5. Let p be (-4)/3*(-6)/(-4) + 3. Let i = p - -5. What is u(i)?
-11
Suppose 0 = 2*u - 3*u + 3. Let r(n) = n + 2 - 2*n + 7 - 3. Calculate r(u).
3
Let c(v) = -8*v**3 + 2*v**2 - 2*v + 1. Let i be 51 - 6*(-4)/8. Suppose -2*s + i = s. Let m = s + -17. Give c(m).
-7
Let n(b) = -37*b + 81*b - 43*b - 1. Calculate n(0).
-1
Let c(o) = o - 6. Let r(j) = j - 6. Let n(l) = -2*c(l) + 3*r(l). What is n(-4)?
-10
Suppose -p = 7*p - 0*p. Let y(t) be the third derivative of -t**4/24 + 5*t**3/6 - 17*t**2. Give y(p).
5
Let x(h) = -h + 3. Let l(i) = 4*i - 8. Let v(w) = -2*l(w) - 7*x(w). Let b = 2332 + -2339. Calculate v(b).
2
Suppose 0 = 72*g - 68*g - 5*a - 40, 3*a = -12. Let i(w) be the first derivative of w**3/3 - 2*w**2 - w - 1. Determine i(g).
4
Let x(r) = 11*r + 1. Suppose 2*g + 5 = -5. Let w = g + 6. Calculate x(w).
12
Let r(q) be the first derivative of -q**4/4 - 7*q**3/3 - 2*q**2 + 3*q + 212. Suppose -2*j + 0*j - 12 = 0. Calculate r(j).
-9
Let w(c) = 8*c + 12*c**2 - 4*c**3 + 0*c**3 - 11 + 3*c**3 + 6*c. Let j be w(13). Let p(t) = -1 - 5 + 4*t**2 + 0*t - j*t + 0*t + t**3. What is p(-4)?
2
Let t(o) be the first derivative of 1/2*o**4 - 4*o - 1/20*o**5 + 4 + 1/6*o**3 - 2*o**2. Let x(u) be the first derivative of t(u). Calculate x(6).
2
Let k(c) = -c**2 - 2*c + 2. Let m be k(-3). Let i(g) = -g + g**3 - 358*g**2 - 97*g**2 + 453*g**2. Give i(m).
-2
Let z(u) = 693*u - 1386*u + 4 + 692*u. What is z(-5)?
9
Suppose -2*m - 94 = -0*t - 3*t, -160 = -5*t + 4*m. Let z be (-9)/(-2) - (-14)/t. Let v(f) = 2*f - 7. Determine v(z).
3
Suppose -18 - 46 = -4*j + 5*x, -4*x = -5*j + 80. Let k = 17 - j. 